tors of p.
2, 5
Suppose 1 = 4*m - 15. Suppose -5*c = -m*c - 23. List the prime factors of c.
23
Suppose 5*r - 149 = -3*k + r, -71 = -2*k + 3*r. What are the prime factors of k?
43
Suppose 0 = 3*k - 6*k + 15. What are the prime factors of 2*-1 + 16 + k?
19
Let m(w) = 3*w + 56. List the prime factors of m(-17).
5
Suppose 3*j = x + 108, -j - 5*x = -69 + 17. List the prime factors of j.
37
Suppose -o = 2*o + 3*v, -v + 6 = -5*o. Let z be o*0/(-4 - -1). What are the prime factors of 14/2 + z/3?
7
Let b be 2/((-2)/(-13) - 0). Suppose -3*g - 3*u = 36, -3*u - 20 = -4*g + 5*g. Let v = b + g. What are the prime factors of v?
5
Suppose 0 = 5*s - 153 - 472. What are the prime factors of s?
5
What are the prime factors of ((-1208)/14)/(-1) - (-10)/(-35)?
2, 43
Let n be (-6)/12*(-27 + -1). Let i = n - 6. List the prime factors of i.
2
Let a = 1 - -1. Suppose 0*x - a*x + 24 = 0. List the prime factors of x.
2, 3
Let n(w) be the second derivative of -w**3/3 - 3*w**2/2 - 2*w. Let m be n(-7). Let h = m + -5. List the prime factors of h.
2, 3
Suppose 4*d = -3*x + 3*d + 260, 0 = -x + 3*d + 80. List the prime factors of x.
2, 43
Let j(q) = 29*q**2 - q. List the prime factors of j(1).
2, 7
Let p = 29 + -41. Let q be 2/8 - (-3)/p. Suppose -4*j + 22 = -7*i + 4*i, 4*j + 3*i - 10 = q. List the prime factors of j.
2
Let j(d) = -36*d - 2. What are the prime factors of j(-1)?
2, 17
Suppose -3*n - 25 = -i, 5*i = -n - 25 + 102. Let u = -1 + i. What are the prime factors of u?
3, 5
List the prime factors of (22/33 - (-97)/3) + 2.
5, 7
Let o(h) = 3*h**3 - 4*h - 7. List the prime factors of o(4).
13
Suppose 5*t - 337 = 128. What are the prime factors of t?
3, 31
Suppose -4*m - 68 = -3*i + 17, 113 = 4*i - 5*m. Suppose -i = -b - 2*y - y, -26 = -2*b + y. What are the prime factors of b?
3, 5
Let a(y) = -11*y**2 + 2*y + 4. Let u(h) = -4*h**2 + h + 1. Let w(n) = -3*a(n) + 8*u(n). List the prime factors of w(4).
2, 5
Let h = 6 + -10. List the prime factors of h + 6 + 30/2.
17
Suppose y - 6 = -4*v + 3*v, -5*v = -5*y + 40. Let f = 26 + y. Suppose 18 = 3*o - f. List the prime factors of o.
17
Let m(d) be the third derivative of 5*d**5/12 + d**4/24 - 2*d**2. Let o be m(-1). Suppose -3*c + 3*g + o = 6*g, -2*c + 5*g = -2. List the prime factors of c.
2, 3
Let q be 5/(-2)*(1 + -3). Suppose -5*a - 5*j - 29 = -99, -q*j - 15 = 0. List the prime factors of a.
17
Suppose -3*o + 26 = -o + 4*x, 0 = -2*o + 3*x + 47. What are the prime factors of o?
19
Let g(u) = -u**2 - 7*u - 7. Let z be g(-5). Let r be 5/(-5) - (2 - z). Suppose r = 4*n - 23 - 13. What are the prime factors of n?
3
Let d(k) = 6*k + 1. Let h be d(-2). Let n(z) = -z - 2. What are the prime factors of n(h)?
3
Let b be 2 + 1 + -2 + -2. Let y(r) = 7*r**2 + 1. List the prime factors of y(b).
2
Let z(v) = 10*v**2 - 24*v - 14. Let y(k) = 7*k**2 - 16*k - 9. Let d(t) = -7*y(t) + 5*z(t). What are the prime factors of d(10)?
13
Let d be (12/(-15))/(2/(-25)). Suppose -3*y = -d + 1. Suppose -w - 12 = -5*w - 4*s, 3*s - y = 0. What are the prime factors of w?
2
Let p(q) = 11*q + 9. List the prime factors of p(14).
163
Suppose 3*h = 2*h + 1. Let v(z) = 17*z**3 - z**2 - z + 1. List the prime factors of v(h).
2
Let m(y) = -5*y + 12. List the prime factors of m(-10).
2, 31
Suppose 0 = -2*i + 8, -h + 0*i + 17 = 3*i. Let o = h + -1. Suppose o*r + 17 = 57. What are the prime factors of r?
2, 5
List the prime factors of 20/30 - (-13)/3.
5
Let f be (-2)/(-3) + (-40)/6. Let w = f + 13. List the prime factors of w.
7
Suppose 3*x = -2*v - 8, -5*v = 2*x + 14 - 5. List the prime factors of v*3/6*-44.
2, 11
Suppose -2*k = 2*x - 4*k - 616, -5*k + 588 = 2*x. What are the prime factors of x?
2, 19
Let w(h) = h. Let a(p) = 6*p - 2. Let r = 10 - 15. Let x(i) = r*w(i) + a(i). List the prime factors of x(5).
3
Suppose 3*z + 4*t - 14 = 5*z, -4*z = -3*t + 13. Let a = z - -4. Suppose 4*l - 2 = 2*l + 4*s, 5*l = a*s + 33. What are the prime factors of l?
3
Let j(g) = -g**2 - 5*g + 4. Let h be -4 - (-1 - 4/(-2)). Let w be j(h). Suppose 0 = -w*i + 4 + 8. What are the prime factors of i?
3
Let q(g) be the second derivative of g**4/12 + g**2/2 + 2*g. Let y be q(2). Suppose y*a + 2*t = a + 10, 5*a - 3*t - 18 = 0. What are the prime factors of a?
3
Suppose 0 = 4*l - 33 - 99. What are the prime factors of l?
3, 11
Let v = 214 - 17. List the prime factors of v.
197
Suppose 130 = 5*t - w, -w + 86 = -4*t + 7*t. Suppose 4*q - t = 9. What are the prime factors of q?
3
Let o be -1 + (1 - 1) - -12. Suppose -2 = p - o. Let f(m) = -m**2 + 9*m + 3. What are the prime factors of f(p)?
3
Suppose 4*q - 107 = 81. List the prime factors of q.
47
Suppose -4*b + 2 + 2 = 0. List the prime factors of (b - -14)/((-33)/(-22)).
2, 5
What are the prime factors of 210/9*(-3)/(-2)?
5, 7
Let d(u) = u + 100. Let b be d(0). What are the prime factors of -2*(-3 + b/(-8))?
31
Let a(o) = 2*o - 9. Let m be a(6). Let l be (2/(-4))/(m/(-36)). What are the prime factors of (l/(-5))/((-6)/20)?
2
Let b(m) = -m - 3. Let a be b(-2). Let l = a - -3. Suppose 27 = l*x - 9. List the prime factors of x.
2, 3
Let q be (1*19)/(0 - -1). Suppose 2*k - 2*y - 44 = 0, -y - q = -k - 3*y. Suppose k = 4*p - p. What are the prime factors of p?
7
Let i = 22 - 19. Suppose 0 = 3*a + q - 93, 20 = -i*a + 4*a + 4*q. List the prime factors of a.
2
Suppose -w + 22 = o, -3*o + 9 = w - 7. List the prime factors of w.
5
Suppose p - 2*o - 13 = -6*o, 4*p = 5*o + 31. Suppose -3*q + p = -6. What are the prime factors of q?
5
Let v = -5 - -8. Suppose 3 = -v*o + 36. List the prime factors of o.
11
Let v = -25 - -60. List the prime factors of v.
5, 7
Let g(x) = 2*x + 1. Let k be g(2). Suppose -d - 3*d = -k*l - 104, 0 = 2*d - 3*l - 54. Let n = d - 8. List the prime factors of n.
13
Let x be 0 - ((-2 - -2) + -3). Suppose -5*f + 4*w = -18, -4*w - 8 = -x*f - 2. What are the prime factors of f?
2, 3
Suppose -7*l + 171 = -4*l. Suppose 3*g - l = 2*g. What are the prime factors of g?
3, 19
Suppose 0 = -4*z - 4, z = -0*f - 2*f + 5. Suppose f*h - k - 15 = -h, 5*h = 3*k + 24. Suppose 2*c + 3*c = -i + 6, 10 = -c - h*i. List the prime factors of c.
2
Let y be 6/(-21) - 60/(-14). Suppose -3*j - 20 = -y*j. What are the prime factors of j?
2, 5
Let q(c) = -c**2 - 3*c + 4. Let m be q(-3). Suppose m = -2*t + 6*t - 4*x, -2*x = 4*t - 16. What are the prime factors of t?
3
Let a(m) = -8*m + 3. What are the prime factors of a(-4)?
5, 7
Let m(k) be the second derivative of k**3/3 - 13*k**2/2 + k. Suppose -3*x + 27 = -0*x. What are the prime factors of m(x)?
5
List the prime factors of 339 - (10 - (6 - 1)).
2, 167
Let n(r) = -2*r**2 - 4*r + 11. Let j be n(-6). Let t = j - -53. List the prime factors of t.
2
Let v(z) = z + 2. Let b be v(-5). Let u = b - -1. List the prime factors of (-1 - u) + 4/1.
5
Let x(m) = -m**3 - 3*m**2 - m - 1. List the prime factors of x(-4).
19
Let l be 3/(-1)*(-2)/3. Suppose l*w + 2 = 6, 2*q + 3*w = 40. What are the prime factors of q?
17
Let r be 1/(-4) - (-111)/12. Let d(g) = g**2 - 10*g + 13. What are the prime factors of d(r)?
2
Let a = -10 + 9. What are the prime factors of ((-21)/(-9))/(a/(-15))?
5, 7
Let z(s) = -8*s**3 - s**2 + 2*s. What are the prime factors of z(-2)?
2, 7
Suppose -k - 4*c = -21, k + 0*c + c = 12. Let r be ((-24)/k)/(1/(-6)). Suppose -4*u + 0*u + r = 0. List the prime factors of u.
2
Suppose -3*c + 5*z + 229 = 0, -4*c + 9*c - 320 = -4*z. What are the prime factors of c?
2, 17
Suppose 0 = 3*q - 4*p - 94, -2*p + 4*p = 3*q - 86. What are the prime factors of q?
2, 13
What are the prime factors of (45/18)/((-2)/(-20))?
5
Let t(q) = -4*q - 5. Let l be t(-6). Let y = l - 15. What are the prime factors of y?
2
Suppose 8 = -3*i + 23. Suppose 3*r = i*r - 6. List the prime factors of r.
3
Suppose 3*r - 12 = 3*p, -r + 2*r - 2 = 3*p. Suppose -30 = -2*w - 3*w. Suppose w*a - 3*a = 12, p = y - a. What are the prime factors of y?
5
Let s(k) = -11*k - 22. What are the prime factors of s(-4)?
2, 11
Suppose 11 = 5*b + 4*j, -b = -4*b - 3*j + 9. Let v = -3 + b. Let q(u) = 2*u**2 + 7*u + 5. List the prime factors of q(v).
3
Suppose -3*s = -39 - 84. Let y = s + 9. List the prime factors of y.
2, 5
Suppose 4 = -k - 3*i - 1, 0 = 5*k + 3*i - 23. What are the prime factors of k?
7
Suppose l + 0*l + 4*s = 172, 3*l - 502 = 2*s. Suppose 6*b - 2*b - l